 30970.
1630
Calculate the highest common factor of 8299624 and 13108.
452
Calculate the greatest common factor of 24362252 and 5004.
556
What is the greatest common divisor of 11368 and 4925824?
232
Calculate the greatest common divisor of 290 and 228525365.
145
Calculate the greatest common divisor of 14450 and 1126420.
170
What is the greatest common factor of 11 and 27302088?
11
Calculate the greatest common divisor of 55366644 and 166.
166
What is the highest common divisor of 2400 and 6332784?
48
Calculate the greatest common factor of 1598 and 8500646.
34
What is the highest common factor of 29318 and 75328?
214
What is the highest common divisor of 37932 and 26864358?
654
What is the highest common factor of 543727 and 10388?
53
What is the highest common divisor of 105 and 13889379?
21
What is the greatest common factor of 4269559 and 9223?
23
Calculate the greatest common divisor of 41576424 and 102.
102
Calculate the highest common factor of 710 and 16955013.
71
What is the greatest common divisor of 21401855 and 1450?
145
What is the greatest common factor of 796706211 and 21?
21
Calculate the greatest common divisor of 11722278 and 1054.
62
Calculate the highest common divisor of 5143072 and 58976.
608
What is the greatest common divisor of 10500594 and 4046?
34
Calculate the highest common factor of 2901 and 319853623.
967
Calculate the highest common factor of 121377 and 81.
3
Calculate the highest common divisor of 1192128 and 497616.
336
What is the greatest common divisor of 25 and 145373175?
25
Calculate the highest common factor of 585279 and 2452734.
1431
Calculate the greatest common factor of 684 and 278743908.
228
Calculate the highest common factor of 3150 and 980280.
630
Calculate the greatest common factor of 85731 and 580683.
123
What is the highest common divisor of 80 and 37174030?
10
Calculate the highest common factor of 181400 and 184824.
8
What is the greatest common factor of 21460 and 92724020?
580
Calculate the highest common divisor of 1009242 and 7410.
1482
What is the highest common factor of 5100 and 32899420?
340
Calculate the highest common factor of 225899325 and 360.
45
Calculate the greatest common divisor of 27680351 and 55523.
4271
Calculate the greatest common factor of 67655 and 777.
7
What is the greatest common divisor of 21052724 and 3828?
1276
What is the greatest common factor of 11148269 and 902?
451
Calculate the greatest common divisor of 669542 and 18.
2
Calculate the greatest common divisor of 923182656 and 2112.
2112
Calculate the greatest common divisor of 189 and 819459.
9
Calculate the greatest common divisor of 482255708 and 132.
44
Calculate the greatest common divisor of 359892 and 41340.
156
What is the greatest common divisor of 208635 and 141?
3
Calculate the highest common factor of 4065 and 1416505.
5
Calculate the highest common divisor of 496945853 and 1887.
629
Calculate the greatest common divisor of 174475625 and 8515.
655
What is the greatest common factor of 4248 and 759588?
12
What is the greatest common factor of 1782 and 59714622?
198
What is the greatest common factor of 2322 and 68982?
6
What is the highest common divisor of 287920 and 640?
80
Calculate the greatest common factor of 53421960 and 360.
120
What is the highest common divisor of 217 and 1995821478?
217
Calculate the greatest common divisor of 193270 and 381458.
154
Calculate the greatest common factor of 622741 and 7038017.
3479
Calculate the highest common factor of 467055 and 545.
5
Calculate the greatest common factor of 2132020 and 1540.
220
What is the highest common factor of 26557824 and 20976?
1104
Calculate the greatest common factor of 12811906 and 3448.
862
What is the highest common divisor of 1826 and 6375230?
166
Calculate the greatest common divisor of 428482 and 1674.
62
What is the highest common divisor of 973829248 and 672?
224
What is the highest common factor of 46877988 and 3948?
564
Calculate the highest common factor of 994542 and 10974.
186
Calculate the greatest common factor of 12822 and 1338.
6
What is the greatest common divisor of 2563 and 135846689?
2563
What is the greatest common divisor of 679768 and 17112?
248
What is the highest common divisor of 243 and 7894?
1
What is the highest common divisor of 98 and 194987856?
98
What is the highest common factor of 19565 and 6497085?
1505
Calculate the highest common factor of 1637372 and 15268.
44
What is the highest common factor of 320 and 365482720?
160
What is the greatest common divisor of 6435998 and 4706?
362
What is the greatest common factor of 627 and 19467723?
627
Calculate the greatest common factor of 247 and 268394.
19
Calculate the highest common divisor of 2220 and 7646820.
60
What is the greatest common divisor of 284818950 and 108?
54
What is the greatest common divisor of 42 and 7139712?
6
Calculate the highest common factor of 1225 and 5755715.
35
Calculate the highest common divisor of 784 and 2829232.
112
Calculate the highest common factor of 4756259 and 94.
47
What is the greatest common factor of 116375 and 603288?
931
Calculate the highest common factor of 60168 and 533784.
552
Calculate the highest common divisor of 1661605 and 3245.
55
What is the greatest common factor of 856961536 and 1536?
512
What is the greatest common divisor of 4041 and 124303854?
1347
Calculate the highest common factor of 341734 and 3174.
1058
What is the greatest common divisor of 25700 and 1589288?
1028
Calculate the greatest common divisor of 3846 and 23766998.
1282
What is the greatest common factor of 231 and 231924945?
21
What is the greatest common divisor of 11618 and 83317702?
314
What is the highest common divisor of 444759620 and 213?
71
What is the highest common factor of 454334976 and 11520?
2304
Calculate the greatest common factor of 135 and 216378486.
27
Calculate the greatest common divisor of 9079 and 97069.
7
What is the greatest common divisor of 114 and 1006048670?
38
Calculate the greatest common factor of 4200 and 17328840.
120
Calculate the highest common divisor of 46567404 and 104.
52
Calculate the highest common divisor of 13536 and 12602392.
376
What is the greatest common divisor of 5 and 315587665?
5
Calculate the greatest common factor of 7047 and 52010775.
783
What is the highest common divisor of 447990 and 16896210?
4110
What is the greatest common divisor of 11350 and 157150?
50
Calculate the greatest common factor of 2945914 and 478.
478
What is the highest common divisor of 114 and 1615647786?
114
Calculate the highest common divisor of 943 and 18607.
23
Calculate the highest common divisor of 5591000 and 2500.
500
Calculate the greatest common divisor of 4780 and 207925220.
4780
What is the greatest common factor of 9330 and 58306902?
1866
Calculate the greatest common divisor of 180765 and 7457200.
515
What is the highest common divisor of 144037939 and 19411?
2773
Calculate the greatest common factor of 12352 and 2646416.
3088
What is the greatest common factor of 1215655 and 50995?
1645
What is the highest common divisor of 1842 and 20172970?
614
Calculate the greatest common factor of 972 and 43055982.
54
What is the greatest common factor of 10842 and 5082396?
834
What is the highest common divisor of 2380 and 16367090?
170
What is the greatest common factor of 64111177 and 179?
179
Calculate the highest common divisor of 41354 and 14743368.
1334
What is the highest common divisor of 122915 and 114192?
793
Calculate the highest common divisor of 14285455 and 5319.
197
Calculate the greatest common divisor of 2169 and 22626285.
723
Calculate the greatest common factor of 7089 and 10047.
51
Calculate the highest common divisor of 2 and 204293394.
2
What is the greatest common divisor of 1546311 and 64077?
1209
Calculate the greatest common divisor of 181491440 and 13.
13
What is the greatest common divisor of 29202880 and 420?
140
Calculate the highest common factor of 1014 and 1289214.
6
What is the greatest common factor of 363 and 54799602?
33
What is the highest common divisor of 623 and 27522805?
89
What is the greatest common factor of 3185753 and 414?
23
What is the highest common divisor of 588 and 210002856?
84
Calculate the greatest common factor of 136720 and 4